23).
-26
Evaluate (-50 - -21 - -15) + -65 + -9 - -7.
-81
What is the value of -7 + 55 + (-14 - (-14 - 5)) + -5?
48
What is (0 - -3) + (1 - -82 - (1803 + -1776))?
59
What is the value of -1 - -29 - (15 + (-37 - -11) + 22)?
17
Evaluate 65 + -17 + (9 + -22 - 15).
20
What is the value of 2 + -1 - 7 - (140 + (71 - 124))?
-93
What is the value of -141 - (-375 - -133 - -89)?
12
What is the value of (-22 + 2 + 0 + 11 - -162) + -25?
128
Evaluate 29 + -3 - (58 + (-115 - -44)).
39
Evaluate 3 + -7 - -2 - (-9 - (8 - (3 - 5))).
17
What is the value of 5 + (-8 + -1 - -12 - 14) - -1?
-5
-19 + 14 + (17 - 21) + 58
49
Calculate -1 - (-13 + -1 - (9 - 43 - -45) - 10).
34
Calculate -148 - -163 - ((12 - -3) + -3 + -1).
4
-14 + -2 + 12 - -7 - (13 + (9 - 9))
-10
Calculate 10 + -28 + -67 + 183.
98
Evaluate -1 + 2 + (0 - -17 - 13) + -1 - 10.
-6
Calculate 6 + 41 + 0 + (21 - (22 + 2 + -13)).
57
What is -16 - (17 - 95) - ((-13 - 0) + (5 - 3))?
73
Evaluate -11 + (8 - 1) - (14 - (3 - -2)).
-13
Evaluate -27 - (16 - (-26 + 13 + 107)).
51
Calculate -14 + -141 + (53 - 16) + -16 + 12.
-122
Calculate 69 - ((1 - -3) + 15 - 42).
92
333 + -94 + -245 - ((1 - 0) + -80)
73
What is -186 + (61 - 11) + 4 + 26?
-106
What is the value of -109 - (-137 - (-135 - -136))?
29
What is the value of 667 - 675 - (-118 - -4 - -5)?
101
Calculate (893 - 886) + (-32 - (-4 - (1 + -8))).
-28
Evaluate -26 + (41 - (43 - 47)) + 18 + 2.
39
What is the value of 555 - 516 - (22 - 0) - 60?
-43
Calculate (-94 - -44) + 54 - (2 - 2 - 9) - 41.
-28
Calculate 2 + -9 + -73 - ((-25 - -17) + 10 + -4).
-78
Evaluate 505 + -575 + (1 - -56) - (1 + 61).
-75
What is 71 + -12 + -52 - 24?
-17
Calculate -15 - -34 - (-33 + 201).
-149
Evaluate 14 - (-15 - (-4 - (-36 - -18))).
43
(183 - 200) + (1 - -7 - (4 - 3)) + 34
24
What is 249 - 21 - 204 - (34 + -2)?
-8
(3 - 4) + 1 - -1 - (-6 + -8)
15
Calculate -1 + (14 - (-111 - -30)) - 16.
78
What is (7 - 2) + -14 - -12 - (3 + 22)?
-22
15 + (27 - (65 + 7)) + (12 - 1)
-19
What is 1 - -1 - (75 - (-8 - (-6 - 24)))?
-51
What is the value of 14 - ((33 - (45 + -28)) + -42)?
40
(-1 + -4 - 17) + (-25 - -15) - -13
-19
What is (30 - 1) + -66 + 74?
37
What is the value of 91 + (-11 - ((1 - -3) + (-50 - -40)) - 0)?
86
24 - (-6 + (-4 - -6)) - (48 + -53) - -11
44
What is -31 + 35 + -22 + -3 + 34?
13
Calculate (15 - 14) + (-10 - 57).
-66
-6 + 33 + -10 + 12 - -56
85
What is the value of -34 + (15 - (-18 - 23) - -30)?
52
Calculate (-38 - -45) + (-57 - (-3 - (-12 + (5 - -2)))).
-52
(-2 + (-14 - -3) + 106 - 8) + -19
66
What is (-152 - -152 - (-1 - -18)) + 59?
42
What is (3 - -12) + 4 - (-1 + -110 + 46)?
84
What is the value of -12 + 1 + 3 + -20 + 974 + -970?
-24
What is (38 - 33) + -10 + 0 + 5 + -8?
-8
(-213 - -173) + 0 + 58 + -116
-98
What is 6 - (-2 + -15 - (24 + -67 + 31)) - 81?
-70
What is the value of -190 + 150 - (-9 + 6 + 1)?
-38
What is the value of (1 - (-6 - 12)) + 11 - (-2 + -13)?
45
What is the value of 244 + -241 + 4 + (-2 - 47) + (1 - 2)?
-43
Calculate (-291 - -346) + (-1 + (-2 - 11) - -3).
44
What is the value of 9 + -31 + 19 - -17 - 1?
13
Calculate -3 - -107 - (-154 + 177) - 38.
43
Evaluate -61 + (18 - -17) + 43 + 3.
20
31 - ((28 - -35) + -21)
-11
Calculate -25 + 20 + -3 + 11 + 35.
38
What is the value of 95 + (90 - 162) + (0 - -55)?
78
What is 54 + 37 - 36 - (2 + 6 + -5)?
52
What is the value of (-26 - (-62 + (-48 - -94))) + -74?
-84
16 - (-48 - (-62 - -74))
76
1240 - 1254 - (-17 - (5 - 2)) - 114
-108
Evaluate -43 + (75 - (-51 - -120)).
-37
What is the value of (0 + -3 - 4) + 1 - (-333 + 337) - -53?
43
What is the value of -35 - (-31 + 11 + 22)?
-37
What is -7 + (10 + -23 - (2 - (-4 + 85)))?
59
What is 56 + -47 + 48 - 97?
-40
What is (-22 - -19) + 4 + -23 + 17?
-5
1 + -13 + (-2 + 4 - -6 - 45)
-49
What is the value of 59 + (-21 - (-18 + 21 + -27)) + 7 + 0?
69
What is 68 + (-95 - -47) + -62?
-42
-104 - (-19 + (-3 - -21) + (4 - 6 - 3))
-98
(11 + 2 - -13) + (-1 + 7 - -1) - -2
35
What is the value of -78 + 217 - 86 - (10 + 6)?
37
What is the value of (-9 - 41) + -10 - (4 + 1 + -7)?
-58
Evaluate -27 + 0 + (-126 - (143 + -208)).
-88
What is the value of -21 - (-11 + 28) - (-1 + -5 + 3)?
-35
What is -286 - -238 - (-62 - -2)?
12
Evaluate (10 - (25 + (12 - 18))) + (-2 - (5 + -3)).
-13
What is the value of -91 + (41 - -57) + (-57 - 3)?
-53
Evaluate -43 - (5 + -52) - -44.
48
What is (504 - 445) + 28 + 16?
103
55 - ((33 - 12) + -34)
68
4 - (27 + -59) - (-1 - 12)
49
Calculate 1 + (-8 - -130) - (4 + (-12 + 16 - -7)).
108
Calculate (77 - 139) + 3 + 3 + 3 - 13.
-66
(134 - 57) + -61 + -117
-101
What is 18 + -9 + (-63 - 0)?
-54
What is -53 + -29 + 6 + -26 + 59?
-43
Calculate -15 - ((-1756 - -1616) + -1 + 1 + 8 + 2).
115
Evaluate 20 - (-9 + 30) - (-16 - 66 - (5 - -3)).
89
What is 17 + (-53 + -1 - (-1 + -14))?
-22
4 - 9 - (19 + -65)
41
Evaluate (2 - -18 - (252 - 229)) + (55 - -1).
53
Evaluate 14 + -68 - (-42 + 34 + -22).
-24
What is 1 + -4 - -4 - ((-37 - -106) + -84)?
16
Evaluate 41 + (154 - 63) - 41.
91
Calculate -56 - -34 - -26 - (-4 - 3).
11
Evaluate 1 - 2 - (9 - 9 - (10 - 32 - -16)).
-7
What is -124 + 162 + (-10 - 21)?
7
(-3 + -1 - (1 + -2)) + (-6 - (71 - 145))
65
What is the value of (-25 - -40 - 12) + -1 - -5?
7
-1 + -5 + 10 + (20 - (12 - 56))
68
Evaluate 2037 - 1978 - (107 + -2).
-46
Calculate 92 - 72 - -24 - 80.
-36
(-1 - (2 + 120)) + 217 + -209 + 8
-107
Evaluate (8 - (-15 - -13)) + (-39 - 4) + 4.
-29
Evaluate (-57 + 13 - -14) + 31 - (9 - 0).
-8
What is 38 + ((-16 - 0) + 6 - 10)?
18
What is -3 + (-5 - -27) + 20 - -8?
47
Evaluate (-44 + 52 - (1 - 7)) + (-5 - (8 - 12)).
13
Calculate -73 + (32 - (-12 - (15 - 46))).
-60
What is the value of 8 - 3 - ((30 - (-26 - -56)) + 54)?
-49
What is the value of (-7 - 97) + 19 + (-7 - -3) + 5?
-84
16 + 2 + (869 - 878)
9
Evaluate 8 - (-71 - (38 + (-39 - -9))).
87
(-34 - -40) + -12 - (9 - (2 + -2 - -3))
-12
413 - 475 - (4 + -3 + -1 + -13)
-49
(-7 + 9 - (17 + -2) - -12) + -80
-81
What is the value of 0 - (3 - 10) - (20 - (12 + 10))?
9
-73 + (80 - 147) + 73
-67
What is -10 + -1 - (-17 - (40 - 57))?
-11
What is 3 + -6 + 29 + -29 + -2 + 7?
2
Calculate 141 + -23 + (-224 - -51).
-55
Evaluate 1 + -79 + 10 + 14 + -21 + 12.
-63
What is the value of 0 + 1 + (13 - (-46 + 13 + -22 + 26))?
43
What is the value of 0 + 34 + (-2 + -29 - -11)?
14
What is the value of (-9 + 148 - -9 - 5) + -6 - (10 - -1)?
126
What is (7 - (5 + 11)) + -4 - -3?
-10
-106 + 90 - (22 - 8)
-30
Calculate (88 - 81 - -2) + (37 - -1) - 13.
34
Calculate (489 + -474 - (2 - (-2 + 21))) + 1 + 5.
38
Calculate (-91 - 0) + 16425 + -16398.
-64
What is the value of (623 - 645) + (48 - 3)?
23
111 - (183 - (-38 + 115))
5
What is the value of -62 + 0 + 2 + (10 - (44 + -25 + 5))?
-74
What is the value of (-4 + -4 + 3 - 1) + 216 + -230?
-20
What is 3 + 4 + 10 + -1 + (6 - 7)?
15
What is 5 - (26 + -51) - 14?
16
Calculate -216 + (199 - -3) - (-101 - 1 - -1).
87
Calculate -17 + (-40 - -148) + -56.
35
0 - 11 - ((-9 - -7) + 10 + -50)
31
What is the value of -14 + -10 - (17 + (-4 - (-3 + 6 + 1)))?
-33
Calculate (-59 - -18) + -3 + 108.
64
542 - 554 - ((13 + -8 - -3) + -116)
96
What is (5 - 28) + (67 - (13 - 19))?
50
What is the value of 25 + (-27 - (32 - 8)) - -102?
76
What is 117 + -184 - (-31 - 11)?
-25
What is 168 + (189 - 94) - 153?
110
Calculate (2 - 11 - ((19 - (-21 - -43)) + 5)) + 5.
-6
What is -1 - -6 - 10 - 25 - (277 + -294)?
-13
Calculate (-12 - ((-12 - -22 - 18) + -8)) + 6 + 1.
11
What is 40 - ((-21 + 9 + 14 - -4) + 3 + -12)?
43
What is -1 + (8 - -86 - (19 - 6) - 0)?
80
What is the value of (-1 - 5) + -1 + (49 - 26) + 6?
22
What is (-70 - -144) + (-35 - -4)?
43
-31 + (21 + -36 - (-25 + -4)) + -22
-39
Evaluate 37 + -29 + (-28 - 9) + 22.
-7
-2785 + 2656 + 45 + -3
-87
What is (-7 - (-6 - (-1 - 3))) + 11?
6
-11 + (-12 + 24 - (-10 + 34)) + 13
-10
52 + -27 + -29 + -60
-64
Evaluate (89 - ((-2 + -4 - -7) + 12 + -17)) + -9.
84
Evaluate (-119 + (-2 - -5) - -2) + 122 + (-38 - 74).
-104
-59 + 114 - ((-2 - (-6 + 3) - 3) + 9)
48
Evaluate -91 + (271 - 178) - (-1 + 3 - (6 + -76)).
-70
What is the value of 3 + (54 - 3 - -2) + (-43 - (-14 - 18))?
45
Calculate (-43 - 14) + (-6 - 2) + 16.
-49
-12 + (-9 - -9 - 4) + (29 - -43)
56
Calculate 0 - ((-28 - 40) + -1).
69
What is 113 + -1 + (-14 + -1 - (2232 - 2232)) - 7?
90
54 + -87 + -48 - -108
27
Evalu